3607 and 33?
11
Calculate the greatest common factor of 12824 and 140.
28
Calculate the greatest common factor of 736347 and 309.
309
Calculate the highest common factor of 143088 and 33.
33
What is the greatest common divisor of 2437 and 15?
1
Calculate the greatest common divisor of 4119981 and 491.
491
Calculate the highest common factor of 144 and 116238.
6
Calculate the greatest common factor of 9724 and 31229.
187
Calculate the greatest common factor of 35620 and 6439.
137
Calculate the highest common factor of 49 and 115101.
49
Calculate the greatest common factor of 5887 and 1624.
203
What is the greatest common factor of 567 and 1039311?
567
Calculate the highest common factor of 461 and 313.
1
Calculate the greatest common divisor of 1373896 and 7960.
1592
Calculate the highest common divisor of 55104 and 12341.
287
What is the greatest common divisor of 68354 and 1195?
239
Calculate the highest common divisor of 59075 and 200.
25
Calculate the greatest common divisor of 5573584 and 32.
16
Calculate the highest common factor of 165 and 63.
3
What is the highest common divisor of 72596 and 4?
4
What is the greatest common factor of 67793 and 33?
11
What is the highest common divisor of 26 and 767806?
26
Calculate the greatest common factor of 27209 and 16731.
169
Calculate the greatest common factor of 2432548 and 712.
356
What is the highest common divisor of 250338 and 396?
66
What is the highest common factor of 10380 and 108?
12
What is the greatest common divisor of 3270 and 18966?
654
What is the greatest common factor of 60904 and 552?
184
Calculate the highest common factor of 3588 and 966.
138
Calculate the highest common factor of 2200430 and 5274.
586
Calculate the greatest common factor of 627 and 626868.
33
Calculate the greatest common factor of 322 and 537418.
322
What is the greatest common factor of 241 and 390661?
241
What is the highest common divisor of 48 and 8048?
16
Calculate the greatest common divisor of 52018 and 3844.
62
Calculate the greatest common factor of 38082 and 792.
66
What is the highest common factor of 1121 and 107179?
19
Calculate the highest common factor of 21 and 177828.
21
What is the greatest common factor of 22 and 101182?
2
Calculate the greatest common divisor of 39344 and 496.
16
What is the highest common divisor of 1734 and 50133?
51
What is the greatest common divisor of 270368 and 284?
284
What is the greatest common factor of 129 and 34873?
43
Calculate the greatest common divisor of 32477 and 235.
47
Calculate the highest common divisor of 44132 and 3179.
187
Calculate the highest common factor of 260 and 397930.
130
What is the highest common divisor of 81855 and 510?
255
Calculate the highest common factor of 403 and 18972.
31
What is the highest common factor of 993 and 819?
3
Calculate the greatest common divisor of 20 and 639270.
10
What is the greatest common divisor of 1030 and 15862?
206
What is the greatest common divisor of 258734 and 42?
14
Calculate the highest common factor of 85590 and 690.
30
What is the greatest common divisor of 76 and 1747696?
76
What is the highest common divisor of 15798770 and 10?
10
What is the highest common factor of 46487 and 1218?
203
Calculate the highest common factor of 13949 and 8758.
29
What is the greatest common factor of 16416 and 768?
96
Calculate the greatest common divisor of 1256906 and 42.
14
What is the highest common factor of 60714 and 162?
18
Calculate the greatest common divisor of 4343 and 101.
101
Calculate the highest common divisor of 620 and 152768.
124
What is the greatest common factor of 5025 and 15600?
75
Calculate the highest common factor of 1280 and 3940.
20
Calculate the highest common factor of 4016 and 8534.
502
Calculate the greatest common factor of 3230 and 417430.
190
What is the highest common factor of 216 and 74196?
108
Calculate the greatest common factor of 15460 and 140.
20
Calculate the highest common divisor of 182146 and 61.
61
Calculate the highest common divisor of 4011 and 4683.
21
Calculate the highest common divisor of 65553 and 2.
1
Calculate the greatest common divisor of 2740 and 7340.
20
What is the greatest common divisor of 30686 and 134?
134
Calculate the highest common factor of 176 and 55924.
44
Calculate the highest common divisor of 348200 and 7900.
100
What is the highest common factor of 1197 and 23807?
133
Calculate the greatest common divisor of 5668 and 9047.
109
Calculate the highest common divisor of 4268 and 185464.
388
Calculate the highest common divisor of 1242 and 576.
18
What is the highest common factor of 430023 and 8007?
471
What is the highest common factor of 1 and 377?
1
Calculate the highest common divisor of 2862948 and 6.
6
What is the greatest common factor of 518 and 924?
14
Calculate the highest common factor of 28860 and 555.
555
What is the highest common divisor of 78 and 180258?
78
Calculate the greatest common factor of 6025 and 950.
25
What is the greatest common divisor of 14893 and 12614?
53
Calculate the greatest common factor of 32241 and 297.
33
Calculate the highest common divisor of 4921 and 4123.
133
What is the greatest common divisor of 12325 and 2567?
17
What is the highest common divisor of 1332 and 71040?
444
What is the highest common factor of 92258 and 10754?
566
What is the highest common factor of 21086 and 1768?
26
Calculate the highest common factor of 6380 and 8468.
116
What is the greatest common factor of 59502 and 235?
47
What is the greatest common divisor of 392469 and 231?
231
What is the highest common factor of 6314 and 18788?
154
Calculate the highest common factor of 1626 and 1044.
6
What is the greatest common divisor of 4132773 and 6516?
1629
Calculate the greatest common factor of 9 and 11094.
3
What is the greatest common divisor of 785 and 1978985?
785
What is the greatest common divisor of 42476 and 20?
4
What is the greatest common divisor of 108 and 1884?
12
What is the greatest common factor of 14592 and 33?
3
Calculate the highest common factor of 54672 and 1700.
68
Calculate the greatest common divisor of 49202 and 365.
73
What is the highest common divisor of 10 and 48555?
5
Calculate the highest common divisor of 132994 and 87.
29
Calculate the highest common divisor of 90 and 356715.
45
What is the greatest common divisor of 931 and 62814?
19
What is the highest common divisor of 690 and 61755?
345
Calculate the highest common factor of 346655 and 19.
19
Calculate the highest common divisor of 483 and 12481.
7
What is the highest common factor of 7410 and 1950?
390
What is the greatest common factor of 2655 and 304263?
531
Calculate the greatest common factor of 840 and 8980.
20
Calculate the highest common factor of 521383 and 295.
59
Calculate the highest common factor of 29312 and 6272.
128
What is the highest common factor of 50 and 1368?
2
What is the highest common divisor of 5310 and 360?
90
What is the highest common factor of 788 and 110911?
197
What is the highest common factor of 17 and 875041?
17
Calculate the highest common divisor of 18 and 67842.
18
What is the highest common divisor of 20313 and 8658?
333
What is the highest common factor of 10904101 and 13?
13
Calculate the greatest common divisor of 265 and 1431.
53
What is the greatest common factor of 140299 and 921?
307
Calculate the greatest common factor of 19990 and 50.
10
What is the highest common factor of 5476 and 333?
37
What is the greatest common divisor of 495 and 2585?
55
Calculate the greatest common divisor of 158828 and 236.
236
What is the greatest common divisor of 1037326 and 6010?
1202
Calculate the highest common divisor of 1066 and 2665.
533
What is the highest common factor of 29069 and 27?
1
What is the highest common factor of 36 and 240?
12
What is the greatest common divisor of 51215 and 5?
5
What is the greatest common divisor of 4450279 and 113?
113
What is the greatest common divisor of 59706 and 8?
2
What is the greatest common factor of 8 and 28186?
2
What is the highest common factor of 210 and 40770?
30
What is the greatest common factor of 4400 and 1328?
16
What is the greatest common factor of 17018 and 31088?
134
Calculate the greatest common factor of 17 and 147478.
1
Calculate the highest c